{"id":301,"date":"2018-09-30T20:08:19","date_gmt":"2018-09-30T20:08:19","guid":{"rendered":"http:\/\/sagradopontevedra.es\/biblioteca\/wp-content\/uploads\/2018\/09\/Diversidade-ling\u00fc\u00edstica.jpg"},"modified":"2018-09-30T20:08:19","modified_gmt":"2018-09-30T20:08:19","slug":"diversidade-linguistica","status":"inherit","type":"attachment","link":"https:\/\/sagradopontevedra.es\/biblioteca\/uncategorized\/dia-europeo-das-linguas\/attachment\/diversidade-linguistica\/","title":{"rendered":"Diversidade ling\u00fc\u00edstica"},"author":7,"featured_media":0,"comment_status":"open","ping_status":"closed","template":"","meta":[],"class_list":["post-301","attachment","type-attachment","status-inherit","hentry"],"description":{"rendered":"<p class=\"attachment\"><a href='https:\/\/sagradopontevedra.es\/biblioteca\/wp-content\/uploads\/2018\/09\/Diversidade-ling\u00fc\u00edstica.jpg'><img loading=\"lazy\" decoding=\"async\" width=\"225\" height=\"300\" src=\"https:\/\/sagradopontevedra.es\/biblioteca\/wp-content\/uploads\/2018\/09\/Diversidade-ling\u00fc\u00edstica-225x300.jpg\" class=\"attachment-medium size-medium\" alt=\"\" srcset=\"https:\/\/sagradopontevedra.es\/biblioteca\/wp-content\/uploads\/2018\/09\/Diversidade-ling\u00fc\u00edstica-225x300.jpg 225w, https:\/\/sagradopontevedra.es\/biblioteca\/wp-content\/uploads\/2018\/09\/Diversidade-ling\u00fc\u00edstica-203x270.jpg 203w, https:\/\/sagradopontevedra.es\/biblioteca\/wp-content\/uploads\/2018\/09\/Diversidade-ling\u00fc\u00edstica.jpg 720w\" sizes=\"auto, (max-width: 225px) 100vw, 225px\" \/><\/a><\/p>\n"},"caption":{"rendered":""},"alt_text":"","media_type":"image","mime_type":"image\/jpeg","media_details":{"width":720,"height":960,"file":"2018\/09\/Diversidade-ling\u00fc\u00edstica.jpg","sizes":{"thumbnail":{"file":"Diversidade-ling\u00fc\u00edstica-150x150.jpg","width":150,"height":150,"mime_type":"image\/jpeg","source_url":"https:\/\/sagradopontevedra.es\/biblioteca\/wp-content\/uploads\/2018\/09\/Diversidade-ling\u00fc\u00edstica-150x150.jpg"},"medium":{"file":"Diversidade-ling\u00fc\u00edstica-225x300.jpg","width":225,"height":300,"mime_type":"image\/jpeg","source_url":"https:\/\/sagradopontevedra.es\/biblioteca\/wp-content\/uploads\/2018\/09\/Diversidade-ling\u00fc\u00edstica-225x300.jpg"},"post-thumbnail":{"file":"Diversidade-ling\u00fc\u00edstica-203x270.jpg","width":203,"height":270,"mime_type":"image\/jpeg","source_url":"https:\/\/sagradopontevedra.es\/biblioteca\/wp-content\/uploads\/2018\/09\/Diversidade-ling\u00fc\u00edstica-203x270.jpg"},"nisarg-full-width":{"file":"Diversidade-ling\u00fc\u00edstica-720x576.jpg","width":720,"height":576,"mime_type":"image\/jpeg","source_url":"https:\/\/sagradopontevedra.es\/biblioteca\/wp-content\/uploads\/2018\/09\/Diversidade-ling\u00fc\u00edstica-720x576.jpg"},"full":{"file":"Diversidade-ling\u00fc\u00edstica.jpg","width":720,"height":960,"mime_type":"image\/jpeg","source_url":"https:\/\/sagradopontevedra.es\/biblioteca\/wp-content\/uploads\/2018\/09\/Diversidade-ling\u00fc\u00edstica.jpg"}},"image_meta":{"aperture":"0","credit":"","camera":"","caption":"","created_timestamp":"0","copyright":"","focal_length":"0","iso":"0","shutter_speed":"0","title":"","orientation":"0","keywords":[]}},"post":288,"source_url":"https:\/\/sagradopontevedra.es\/biblioteca\/wp-content\/uploads\/2018\/09\/Diversidade-ling\u00fc\u00edstica.jpg","_links":{"self":[{"href":"https:\/\/sagradopontevedra.es\/biblioteca\/wp-json\/wp\/v2\/media\/301","targetHints":{"allow":["GET"]}}],"collection":[{"href":"https:\/\/sagradopontevedra.es\/biblioteca\/wp-json\/wp\/v2\/media"}],"about":[{"href":"https:\/\/sagradopontevedra.es\/biblioteca\/wp-json\/wp\/v2\/types\/attachment"}],"author":[{"embeddable":true,"href":"https:\/\/sagradopontevedra.es\/biblioteca\/wp-json\/wp\/v2\/users\/7"}],"replies":[{"embeddable":true,"href":"https:\/\/sagradopontevedra.es\/biblioteca\/wp-json\/wp\/v2\/comments?post=301"}]}}

http://sagradopontevedra.es/biblioteca/wp-content/uploads/2018/09/Diversidade-lingüística.jpg

Diversidade lingüística

<p class="attachment"><a href='https://sagradopontevedra.es/biblioteca/wp-content/uploads/2018/09/Diversidade-lingüística.jpg'><img loading="lazy" decoding="async" width="225" height="300" src="https://sagradopontevedra.es/biblioteca/wp-content/uploads/2018/09/Diversidade-lingüística-225x300.jpg" class="attachment-medium size-medium" alt="" srcset="https://sagradopontevedra.es/biblioteca/wp-content/uploads/2018/09/Diversidade-lingüística-225x300.jpg 225w, https://sagradopontevedra.es/biblioteca/wp-content/uploads/2018/09/Diversidade-lingüística-203x270.jpg 203w, https://sagradopontevedra.es/biblioteca/wp-content/uploads/2018/09/Diversidade-lingüística.jpg 720w" sizes="auto, (max-width: 225px) 100vw, 225px" /></a></p>

2018/09/Diversidade-lingüística.jpg

Diversidade-lingüística-150x150.jpg

https://sagradopontevedra.es/biblioteca/wp-content/uploads/2018/09/Diversidade-lingüística-150x150.jpg

Diversidade-lingüística-225x300.jpg

https://sagradopontevedra.es/biblioteca/wp-content/uploads/2018/09/Diversidade-lingüística-225x300.jpg

Diversidade-lingüística-203x270.jpg

https://sagradopontevedra.es/biblioteca/wp-content/uploads/2018/09/Diversidade-lingüística-203x270.jpg

Diversidade-lingüística-720x576.jpg

https://sagradopontevedra.es/biblioteca/wp-content/uploads/2018/09/Diversidade-lingüística-720x576.jpg

Diversidade-lingüística.jpg

https://sagradopontevedra.es/biblioteca/wp-content/uploads/2018/09/Diversidade-lingüística.jpg
